ppose -51 = y - n. What is the units digit of y?
6
Let d(r) = 22*r - 37. Let i be d(-7). Let j = 155 + 140. Let m = j + i. What is the units digit of m?
4
Let o(i) = 136*i**2 + 29*i - 4. What is the units digit of o(7)?
3
Suppose -2*v + 1 + 1 = 3*h, -5*h + v = -25. Suppose 2*l - 3*y + 23 = -92, -45 = l - h*y. Let b = l - -226. What is the hundreds digit of b?
1
Let a(p) = 13*p - 9 + 13 - p**2 + 12. Let m be a(14). Suppose -2*t - 2*t + 26 = -m*w, 3*w - 1 = -4*t. What is the units digit of t?
4
Let s = 8000 + -6895. What is the tens digit of s?
0
Let q be 8/(-32) - 119/4. Let j = -118 + 132. Let z = j - q. What is the tens digit of z?
4
What is the hundreds digit of (2 - (-2982)/9)/(19/(30096/32))?
5
Suppose 13*y = -5*y + 90. Suppose -2*h + 825 = -3*t, -y*t - 1770 = -5*h + 285. What is the tens digit of h?
0
Let i(n) be the first derivative of -42*n + 3/2*n**2 + 1/3*n**3 + 25. What is the tens digit of i(6)?
1
Let k(v) = 663*v - 37. Let h be k(1). Suppose -4*r + 2136 = 2*c, -5*c = 3*r - h - 4700. What is the units digit of c?
4
Let w(i) = 77*i**2 - 16*i + 24. Let g be w(4). Suppose 2*o - 2*z = g, 4*o - 87 = 2*z + 2295. What is the hundreds digit of o?
5
Let p = 795 + -792. Suppose -p*k = -2*n + 1275, -n + 2*k + 248 = -387. What is the hundreds digit of n?
6
Let u = 345 + -341. Suppose 2*b - 1411 - 645 = -j, -4*b = u*j - 4112. What is the tens digit of b?
2
Let m = 65 + -65. Suppose -g = -u + 2 + 3, m = -2*u - g + 13. What is the hundreds digit of (2 + (-135)/u)*-8?
1
Suppose -5*u = -20, 9*x = 4*x + 5*u + 21960. Suppose x = 512*m - 505*m. What is the units digit of m?
8
What is the tens digit of ((-169142)/(-69))/((-2)/(-12))?
0
Let b = 32 + -24. Suppose 0*y = 4*y - b. What is the tens digit of y/(-5) + (-16840)/(-100)?
6
Let o(b) = -3*b**2 - 3*b - 2. Let d be o(-1). Let v be 1/d + 52/8. Suppose -3*t - 6 - v = 0, -c = -4*t - 28. What is the tens digit of c?
1
Let t be (21/(-63))/(1/(-15)). Suppose 5*z = 3*x - 545, t*z + 212 = -4*x + 892. What is the units digit of x?
5
Suppose -41*i - 18 = -43*i. Suppose -i*y + 1786 + 635 = 0. What is the units digit of y?
9
Let q be 7 - 192/28 - 312/(-21). What is the hundreds digit of (-1778)/(-6) + 9 + (-155)/q?
2
Let r(a) = 38 - 6*a - 41 + 52*a**2 + 28*a**2. What is the tens digit of r(-2)?
2
Suppose -134*f + 2928428 = -165498. What is the thousands digit of f?
3
Let v = 122 - 134. What is the tens digit of 90/6*(-212)/v?
6
Suppose 47*i - 100944 = 186132. What is the hundreds digit of i?
1
Let m = -67084 + 131927. What is the ten thousands digit of m?
6
Let t = 519 - -6994. What is the thousands digit of t?
7
Suppose 9*i = -113*i + 1220854. What is the units digit of i?
7
Let v = 249 + -924. Let g = 1151 + v. What is the units digit of g?
6
Let t = -26262 + 26793. What is the units digit of t?
1
What is the tens digit of 6583 + (-15 + 19)*(-2)/(-4)?
8
Let f = -937 - -3103. Suppose 16*c = 10*c + f. What is the units digit of c?
1
Let a = 487 - 485. Suppose 2*u - 2445 = -3*r, a*u - 5*u + 3667 = 5*r. What is the hundreds digit of u?
2
Let p(t) = -t**3 - 8*t**2 - 15*t - 2. Let d be p(-5). Let b(z) = -93*z - 6. What is the units digit of b(d)?
0
What is the hundreds digit of (2 + (-7 - (-6 - 0)))/(5/57880)?
5
Let s = -105 + 103. Let a be (-8)/(-10)*((111 - s) + -3). Suppose -a = -5*l + 1202. What is the tens digit of l?
5
Let i be (-2)/5 - (-16432)/80. Let t = 515 - i. Suppose 2*y = 2*d + t, -147 = -y + 2*d - 3*d. What is the hundreds digit of y?
1
Suppose -237*q - 101252 = -254*q. What is the tens digit of q?
5
Suppose -2*o + 19 - 9 = 0, 17 = -3*d + 4*o. What is the tens digit of -1 + 6 - d/((-9)/2133)?
4
Let k(q) = 234*q**2 - 27*q - 71. What is the hundreds digit of k(-7)?
5
Let i(w) = -7*w**2 - 57*w - 43. Let s(m) = 3*m**2 + 12*m**2 + 65 - 4*m**2 + 52*m + 34*m. Let x(a) = 8*i(a) + 5*s(a). What is the tens digit of x(-22)?
6
Suppose -83*h = -280*h + 3327024 + 13903384. What is the hundreds digit of h?
4
Let i = 10 + -6. Suppose -i*d + 12 = 2*f, -5*f - 3*d + 45 = 2*d. What is the units digit of (3/(-1))/(f/(-24))?
6
Let j(h) = h**3 + 14*h**2 - 17*h + 15. Let y(a) = 2*a**3 + 41*a**2 - 51*a + 46. Let f(z) = 8*j(z) - 3*y(z). What is the tens digit of f(6)?
2
Let s be (4/3)/((-5)/((-120)/(-4))). Let a(n) = 2*n**2 + 8*n - 13. What is the units digit of a(s)?
1
Let k(c) = 0*c**2 - 16 + 19*c - 38*c - 2*c**2. What is the units digit of k(-3)?
3
Let r(m) = m**2 - 74*m + 1891. What is the tens digit of r(53)?
7
What is the tens digit of 266/(2/(-180)*-9) - (-2)/1?
6
Suppose 78 - 78 = 5*w. Suppose 1186 = 3*q + 4*c - 1681, w = 2*c + 2. What is the hundreds digit of q?
9
What is the tens digit of (658/987)/((-4)/25338*(-3)/6)?
4
Let j be 0/((-2)/((-3 - -2) + -1)). Suppose -2*h + f + 158 = j, -8*f + 3*f = -2*h + 142. What is the tens digit of h?
8
Let s(r) = -2*r - 1. Let j(g) = 21*g - 5. Let w(k) = 2*j(k) + 18*s(k). Let y = 57 - 38. What is the tens digit of w(y)?
8
Let s(i) = 4*i**2 - 10*i - 4. Let q(f) = -4*f**2 + 10*f + 6. Let j(y) = -5*q(y) - 4*s(y). Let r(n) = n + 13. Let c be r(-6). What is the units digit of j(c)?
2
What is the units digit of 17/(204/(-108)) + 14368?
9
What is the ten thousands digit of 52/182 + (-3526173)/(-49)?
7
What is the thousands digit of (-478)/(-3)*72 + -6 + 9?
1
Suppose -22*x = -11*x - 33. Suppose 4224 = x*g + 9*g. What is the tens digit of g?
5
Let q(p) = -p**3 + 13*p**2 + 8*p - 102. Let a be q(13). Let o(n) = 247*n**2 - 10*n + 19. What is the hundreds digit of o(a)?
9
Let f = 951 - 961. Let c(s) = -2*s**3 - 4*s**2 - 31*s + 34. What is the units digit of c(f)?
4
Let w = 511 - -39. Let m = 278 + w. What is the units digit of m?
8
Let t(d) = -3*d + 41. Let n be t(12). Let q = -1 + n. Suppose q*w = 130 + 6. What is the tens digit of w?
3
Let n = 8060 + -5043. What is the units digit of n?
7
Let d = -4 + 4. Suppose -8*q = -d*q + 3*q. Let x = q + 104. What is the hundreds digit of x?
1
Let i(n) = 15*n**3 + 2*n**2 + 3*n + 2. Let z = -41 - -39. Let s be i(z). Let o = -43 - s. What is the tens digit of o?
7
Let l = 1411 + 2956. What is the hundreds digit of l?
3
Suppose -3*l + 41 = -4. Suppose -5*s = -0*s - 25. Let c = s + l. What is the tens digit of c?
2
Suppose -41962 = -4*h + 38950 - 32244. What is the hundreds digit of h?
1
Suppose 35*q - 6292 = 20518. What is the units digit of q?
6
Let h = -139 - -84. Let c = h - -174. What is the tens digit of c + 3/(-6)*4?
1
What is the units digit of (7 + (-176)/24 - (-15)/(-9)) + 6125?
3
Suppose 0 = -t + u + 29971, -173847 + 24062 = -5*t - 5*u. What is the ten thousands digit of t?
2
Let w = 14906 + -4883. What is the thousands digit of w?
0
What is the ten thousands digit of (-167848)/(-12) - 392/(-147)?
1
Let j = -421 - -713. Suppose -j = 10*o - 102. Let h = o - -48. What is the tens digit of h?
2
Suppose 1169*v + 5*z = 1172*v - 18851, 5*z - 31365 = -5*v. What is the hundreds digit of v?
2
Let x(l) be the first derivative of -2*l**2 - 9 - 2*l - 1/4*l**4 + 8/3*l**3. What is the units digit of x(4)?
6
Let n(a) be the third derivative of a**5/20 - a**4/4 + 11*a**3/2 + 2*a**2 + 23*a. What is the tens digit of n(10)?
7
Let p = -7072 + 28134. What is the hundreds digit of p?
0
Suppose -49*r = -67*r. Suppose 2*f - 4*c - 1144 = r, 5*f = -20*c + 22*c + 2828. What is the tens digit of f?
6
Suppose -z = -845 - 919. Suppose 24*k = 28*k - z. What is the tens digit of k?
4
What is the units digit of ((-2)/16)/(91/(-31204264)) - 4?
9
Let h be (-136 + -5)/(-2 - -1). Let p = -238 + h. Let z = -41 - p. What is the units digit of z?
6
Let r(c) = -7*c**3 + 29*c**2 + 120*c + 76. What is the tens digit of r(-15)?
2
Let z(s) = 2*s**3 + 9*s**2 + 172*s + 69. What is the thousands digit of z(29)?
1
Let o = 7973 + 4301. What is the thousands digit of o?
2
Let z be (2 + -3428)*(-9 + 15 + -5). What is the tens digit of 1 + -3*(-2 + z/18)?
7
Let f(t) = -80*t - 1111. What is the thousands digit of f(-34)?
1
What is the units digit of 30 - 20 - (-44540 - 3)?
3
Let i = 214273 + -151416. What is the thousands digit of i?
2
Suppose 6*t + 6 = 24. What is the units digit of 8/t*675/36?
0
Let h(n) = 36*n**2 - 8*n - 98. What is the tens digit of h(9)?
4
Let i = -151 + 201. Suppose 0 = -g + i - 1. What is the tens digit of g?
4
Let x(j) = -19*j**2 - 1553*j - 16. What is the tens digit of